{"id":7596,"date":"2026-09-01T16:46:02","date_gmt":"2026-09-01T15:46:02","guid":{"rendered":"https:\/\/dengamlegaardfaaborg.dk\/?page_id=7596"},"modified":"2026-09-01T16:50:27","modified_gmt":"2026-09-01T15:50:27","slug":"hc-andersen-rejsefeber","status":"publish","type":"page","link":"https:\/\/dengamlegaardfaaborg.dk\/?page_id=7596","title":{"rendered":"HC ANDERSEN &#8211; REJSEFEBER"},"content":{"rendered":"\n<p class=\"wp-block-paragraph\"><strong>S\u00f8ndag d. 2. maj 2027 kl. 16<\/strong><\/p>\n\n\n\n<p class=\"wp-block-paragraph\">Billetlinket kommer p\u00e5 snart. <\/p>\n\n\n\n<figure class=\"wp-block-image size-full\"><img loading=\"lazy\" decoding=\"async\" width=\"604\" height=\"508\" src=\"https:\/\/dengamlegaardfaaborg.dk\/wp-content\/uploads\/2026\/09\/HC-Andersen-Halken-DgG.jpeg\" alt=\"\" class=\"wp-image-7601\" srcset=\"https:\/\/dengamlegaardfaaborg.dk\/wp-content\/uploads\/2026\/09\/HC-Andersen-Halken-DgG.jpeg 604w, https:\/\/dengamlegaardfaaborg.dk\/wp-content\/uploads\/2026\/09\/HC-Andersen-Halken-DgG-300x252.jpeg 300w\" sizes=\"auto, (max-width: 604px) 100vw, 604px\" \/><\/figure>\n\n\n\n<p class=\"wp-block-paragraph\"><strong>Er rejsen livet v\u00e6rd?<\/strong><\/p>\n\n\n\n<p class=\"wp-block-paragraph\">Hans Christian er blevet gammel.<br>Han er kommet i tvivl.<br>Var alle rejserne, alle bes\u00f8gene hos Europas adelige \u2013 og ikke mindst folkets hyldest \u2013 virkelig prisen v\u00e6rd?<\/p>\n\n\n\n<p class=\"wp-block-paragraph\">Han havde brugt sit liv til at skrive om livet frem for at leve livet. Hver gang han m\u00f8dte k\u00e6rligheden, rejste han bort.<\/p>\n\n\n\n<p class=\"wp-block-paragraph\">Som H.C. altid sagde, \u201dAt rejse er at leve\u201d. Ja, H.C Andersen rejste, men levede han?<br>Han havde brugt sit liv p\u00e5 at gl\u00e6de en hel verden, men hvad med hans egen lykke?<\/p>\n\n\n\n<p class=\"wp-block-paragraph\">Skuespiller Kristian Halken og guitarist Tom Christiansen gennemspiller Andersens ord og toner i en enkel forestilling, der skildrer vores st\u00f8rste forfatter i sit livs krise:<\/p>\n\n\n\n<p class=\"wp-block-paragraph\"><strong>\u201dHvem er jeg?\u201d<\/strong><\/p>\n\n\n\n<p class=\"wp-block-paragraph\">H.C. Andersen: \u201dAt rejse er at leve\u201d.<br>S\u00f8ren Kierkegaard: \u201dAt rejse er en t\u00e5belighed\u201d.<\/p>\n\n\n\n<p class=\"wp-block-paragraph\">Med skuespil, opl\u00e6sning og musik tager skuespiller Kristian Halken sammen med musiker Tom Christiansen publikum med i en intim forestilling om det sidste eksistentielle sp\u00f8rgsm\u00e5l: Er rejsen virkelig livet v\u00e6rd?<\/p>\n\n\n\n<p class=\"wp-block-paragraph\">I samarbejde med Teatret i Midten  &#8211; Faaborg Midtfyns Teaterforening.<\/p>\n\n\n\n<figure class=\"wp-block-image size-full\"><img loading=\"lazy\" decoding=\"async\" width=\"632\" height=\"316\" src=\"https:\/\/dengamlegaardfaaborg.dk\/wp-content\/uploads\/2026\/09\/Statens-Kunstraad-logo-dgg.jpeg\" alt=\"\" class=\"wp-image-7604\" srcset=\"https:\/\/dengamlegaardfaaborg.dk\/wp-content\/uploads\/2026\/09\/Statens-Kunstraad-logo-dgg.jpeg 632w, https:\/\/dengamlegaardfaaborg.dk\/wp-content\/uploads\/2026\/09\/Statens-Kunstraad-logo-dgg-300x150.jpeg 300w\" sizes=\"auto, (max-width: 632px) 100vw, 632px\" \/><\/figure>\n\n\n\n<p class=\"wp-block-paragraph\">Forestillingen er st\u00f8ttet af Statens Kunstr\u00e5d.<\/p>\n","protected":false},"excerpt":{"rendered":"<p>S\u00f8ndag d. 2. maj 2027 kl. 16 Billetlinket kommer p\u00e5 snart. Er rejsen livet v\u00e6rd? Hans Christian er blevet gammel.Han er kommet i tvivl.Var alle rejserne, alle bes\u00f8gene hos Europas adelige \u2013 og ikke mindst folkets hyldest \u2013 virkelig prisen &hellip; <a href=\"https:\/\/dengamlegaardfaaborg.dk\/?page_id=7596\">L\u00e6s resten <span class=\"meta-nav\">&rarr;<\/span><\/a><\/p>\n","protected":false},"author":4,"featured_media":0,"parent":0,"menu_order":0,"comment_status":"closed","ping_status":"closed","template":"","meta":{"_EventAllDay":false,"_EventTimezone":"","_EventStartDate":"","_EventEndDate":"","_EventStartDateUTC":"","_EventEndDateUTC":"","_EventShowMap":false,"_EventShowMapLink":false,"_EventURL":"","_EventCost":"","_EventCostDescription":"","_EventCurrencySymbol":"","_EventCurrencyCode":"","_EventCurrencyPosition":"","_EventDateTimeSeparator":"","_EventTimeRangeSeparator":"","_EventOrganizerID":[],"_EventVenueID":[],"_OrganizerEmail":"","_OrganizerPhone":"","_OrganizerWebsite":"","_VenueAddress":"","_VenueCity":"","_VenueCountry":"","_VenueProvince":"","_VenueState":"","_VenueZip":"","_VenuePhone":"","_VenueURL":"","_VenueStateProvince":"","_VenueLat":"","_VenueLng":"","_VenueShowMap":false,"_VenueShowMapLink":false,"footnotes":""},"class_list":["post-7596","page","type-page","status-publish","hentry"],"_links":{"self":[{"href":"https:\/\/dengamlegaardfaaborg.dk\/index.php?rest_route=\/wp\/v2\/pages\/7596","targetHints":{"allow":["GET"]}}],"collection":[{"href":"https:\/\/dengamlegaardfaaborg.dk\/index.php?rest_route=\/wp\/v2\/pages"}],"about":[{"href":"https:\/\/dengamlegaardfaaborg.dk\/index.php?rest_route=\/wp\/v2\/types\/page"}],"author":[{"embeddable":true,"href":"https:\/\/dengamlegaardfaaborg.dk\/index.php?rest_route=\/wp\/v2\/users\/4"}],"replies":[{"embeddable":true,"href":"https:\/\/dengamlegaardfaaborg.dk\/index.php?rest_route=%2Fwp%2Fv2%2Fcomments&post=7596"}],"version-history":[{"count":7,"href":"https:\/\/dengamlegaardfaaborg.dk\/index.php?rest_route=\/wp\/v2\/pages\/7596\/revisions"}],"predecessor-version":[{"id":7605,"href":"https:\/\/dengamlegaardfaaborg.dk\/index.php?rest_route=\/wp\/v2\/pages\/7596\/revisions\/7605"}],"wp:attachment":[{"href":"https:\/\/dengamlegaardfaaborg.dk\/index.php?rest_route=%2Fwp%2Fv2%2Fmedia&parent=7596"}],"curies":[{"name":"wp","href":"https:\/\/api.w.org\/{rel}","templated":true}]}}

<p class="wp-block-paragraph"><strong>Søndag d. 2. maj 2027 kl. 16</strong></p>



<p class="wp-block-paragraph">Billetlinket kommer på snart. </p>



<figure class="wp-block-image size-full"><img loading="lazy" decoding="async" width="604" height="508" src="https://dengamlegaardfaaborg.dk/wp-content/uploads/2026/09/HC-Andersen-Halken-DgG.jpeg" alt="" class="wp-image-7601" srcset="https://dengamlegaardfaaborg.dk/wp-content/uploads/2026/09/HC-Andersen-Halken-DgG.jpeg 604w, https://dengamlegaardfaaborg.dk/wp-content/uploads/2026/09/HC-Andersen-Halken-DgG-300x252.jpeg 300w" sizes="auto, (max-width: 604px) 100vw, 604px" /></figure>



<p class="wp-block-paragraph"><strong>Er rejsen livet værd?</strong></p>



<p class="wp-block-paragraph">Hans Christian er blevet gammel.<br>Han er kommet i tvivl.<br>Var alle rejserne, alle besøgene hos Europas adelige – og ikke mindst folkets hyldest – virkelig prisen værd?</p>



<p class="wp-block-paragraph">Han havde brugt sit liv til at skrive om livet frem for at leve livet. Hver gang han mødte kærligheden, rejste han bort.</p>



<p class="wp-block-paragraph">Som H.C. altid sagde, ”At rejse er at leve”. Ja, H.C Andersen rejste, men levede han?<br>Han havde brugt sit liv på at glæde en hel verden, men hvad med hans egen lykke?</p>



<p class="wp-block-paragraph">Skuespiller Kristian Halken og guitarist Tom Christiansen gennemspiller Andersens ord og toner i en enkel forestilling, der skildrer vores største forfatter i sit livs krise:</p>



<p class="wp-block-paragraph"><strong>”Hvem er jeg?”</strong></p>



<p class="wp-block-paragraph">H.C. Andersen: ”At rejse er at leve”.<br>Søren Kierkegaard: ”At rejse er en tåbelighed”.</p>



<p class="wp-block-paragraph">Med skuespil, oplæsning og musik tager skuespiller Kristian Halken sammen med musiker Tom Christiansen publikum med i en intim forestilling om det sidste eksistentielle spørgsmål: Er rejsen virkelig livet værd?</p>



<p class="wp-block-paragraph">I samarbejde med Teatret i Midten  &#8211; Faaborg Midtfyns Teaterforening.</p>



<figure class="wp-block-image size-full"><img loading="lazy" decoding="async" width="632" height="316" src="https://dengamlegaardfaaborg.dk/wp-content/uploads/2026/09/Statens-Kunstraad-logo-dgg.jpeg" alt="" class="wp-image-7604" srcset="https://dengamlegaardfaaborg.dk/wp-content/uploads/2026/09/Statens-Kunstraad-logo-dgg.jpeg 632w, https://dengamlegaardfaaborg.dk/wp-content/uploads/2026/09/Statens-Kunstraad-logo-dgg-300x150.jpeg 300w" sizes="auto, (max-width: 632px) 100vw, 632px" /></figure>



<p class="wp-block-paragraph">Forestillingen er støttet af Statens Kunstråd.</p>

<p>Søndag d. 2. maj 2027 kl. 16 Billetlinket kommer på snart. Er rejsen livet værd? Hans Christian er blevet gammel.Han er kommet i tvivl.Var alle rejserne, alle besøgene hos Europas adelige – og ikke mindst folkets hyldest – virkelig prisen &hellip; <a href="https://dengamlegaardfaaborg.dk/?page_id=7596">Læs resten <span class="meta-nav">&rarr;</span></a></p>
